{"id":45,"date":"2024-05-13T12:22:46","date_gmt":"2024-05-13T09:22:46","guid":{"rendered":"https:\/\/www.5am.zoner.dev\/gym\/kemigym\/?page_id=45"},"modified":"2024-08-22T21:23:27","modified_gmt":"2024-08-22T18:23:27","slug":"omat-tiedot","status":"publish","type":"page","link":"https:\/\/www.bckgsalit.fi\/bodycenter-tornio\/omat-tiedot\/","title":{"rendered":"Omat tiedot"},"content":{"rendered":"<section class=\"bde-section-45-100 bde-section\">\n  \n  \n\t\n\n\n\n<div class=\"section-container\"><h2 class=\"bde-heading-45-101 bde-heading\">\nKirjaudu sis\u00e4\u00e4n\n<\/h2><div class=\"bde-shortcode-45-102 bde-shortcode\"><div class=\"fibo-login-prompt\">\n\t    <p>Ole hyv\u00e4 ja kirjaudu sis\u00e4\u00e4n<\/p>\n\t    <form class=\"fibo-login-form\" action=\"https:\/\/www.bckgsalit.fi\/bodycenter-tornio\/wp-content\/plugins\/fitnessbooker\/php\/login.php\" method=\"post\">\n            <input type=\"hidden\" name=\"fibo-return-url\" value=\"\">\n\t        <label for=\"fibo-login-email\">S\u00e4hk\u00f6posti:<\/label>\n\t        <input class=\"fibo-login-email\" name=\"fibo-login-email\" type=\"text\"><\/input>\n\t        <label for=\"fibo-login-password\">Salasana:<\/label>\n\t        <input class=\"fibo-login-password\" name=\"fibo-login-password\" type=\"password\"><\/input>\n\t        <input class=\"fibo-submit-button\" type=\"submit\" name=\"fibo-login-submit\" value=\"Kirjaudu\"><\/input>\n\t    <\/form>\n        <p>Eik\u00f6 Sinulla ole viel\u00e4 tunnuksia?<br\/><a href=\"https:\/\/www.bckgsalit.fi\/bodycenter-tornio\/rekisteroidy\/\">Sy\u00f6t\u00e4 tietosi<\/a>, eik\u00e4 se sido Sinua mihink\u00e4\u00e4n.<\/p>\n        <p>Unohditko salasanasi? <a href=\"https:\/\/www.bckgsalit.fi\/bodycenter-tornio\/unohtunut-salasana\/\">Voit luoda uuden salasanan s\u00e4hk\u00f6postiisi l\u00e4hetett\u00e4v\u00e4n linkin avulla.<\/a><\/p>\n\t\t<p hidden> Fitnessbooker plugin version: 1.17.0 <\/p>\n     <\/div><\/div><\/div>\n<\/section>","protected":false},"excerpt":{"rendered":"<p>Kirjaudu sis\u00e4\u00e4n Ole hyv\u00e4 ja kirjaudu sis\u00e4\u00e4n S\u00e4hk\u00f6posti: Salasana: Eik\u00f6 Sinulla ole viel\u00e4 tunnuksia?Sy\u00f6t\u00e4 tietosi, eik\u00e4 se sido Sinua mihink\u00e4\u00e4n. Unohditko salasanasi? Voit luoda uuden salasanan s\u00e4hk\u00f6postiisi l\u00e4hetett\u00e4v\u00e4n linkin avulla. Fitnessbooker plugin version: 1.17.0<\/p>\n","protected":false},"author":2,"featured_media":0,"parent":0,"menu_order":0,"comment_status":"closed","ping_status":"closed","template":"","meta":{"_breakdance_hide_in_design_set":false,"_breakdance_tags":"","footnotes":""},"class_list":["post-45","page","type-page","status-publish","hentry"],"_links":{"self":[{"href":"https:\/\/www.bckgsalit.fi\/bodycenter-tornio\/wp-json\/wp\/v2\/pages\/45","targetHints":{"allow":["GET"]}}],"collection":[{"href":"https:\/\/www.bckgsalit.fi\/bodycenter-tornio\/wp-json\/wp\/v2\/pages"}],"about":[{"href":"https:\/\/www.bckgsalit.fi\/bodycenter-tornio\/wp-json\/wp\/v2\/types\/page"}],"author":[{"embeddable":true,"href":"https:\/\/www.bckgsalit.fi\/bodycenter-tornio\/wp-json\/wp\/v2\/users\/2"}],"replies":[{"embeddable":true,"href":"https:\/\/www.bckgsalit.fi\/bodycenter-tornio\/wp-json\/wp\/v2\/comments?post=45"}],"version-history":[{"count":2,"href":"https:\/\/www.bckgsalit.fi\/bodycenter-tornio\/wp-json\/wp\/v2\/pages\/45\/revisions"}],"predecessor-version":[{"id":162,"href":"https:\/\/www.bckgsalit.fi\/bodycenter-tornio\/wp-json\/wp\/v2\/pages\/45\/revisions\/162"}],"wp:attachment":[{"href":"https:\/\/www.bckgsalit.fi\/bodycenter-tornio\/wp-json\/wp\/v2\/media?parent=45"}],"curies":[{"name":"wp","href":"https:\/\/api.w.org\/{rel}","templated":true}]}}